{"id":898,"date":"2019-08-26T14:28:26","date_gmt":"2019-08-26T12:28:26","guid":{"rendered":"https:\/\/midtsjaelland.danmarksveteraner.dk\/wordpress\/?page_id=898"},"modified":"2020-01-29T21:34:56","modified_gmt":"2020-01-29T20:34:56","slug":"2007-2","status":"publish","type":"page","link":"https:\/\/midtsjaelland.danmarksveteraner.dk\/wordpress\/billeder\/2007-2\/","title":{"rendered":"2007"},"content":{"rendered":"\n<figure class=\"wp-block-table\"><table class=\"has-fixed-layout\"><tbody><tr><td class=\"has-text-align-center\" data-align=\"center\"><a href=\"https:\/\/midtsjaelland.danmarksveteraner.dk\/wordpress\/wp-content\/uploads\/2019\/09\/2007-05-12.jpg\"><img decoding=\"async\" src=\"https:\/\/midtsjaelland.danmarksveteraner.dk\/wordpress\/wp-content\/uploads\/2019\/09\/2007-05-12.jpg\" alt=\"2007-05-12 Jubil\u00e6umst\u00e6vne p\u00e5 Antvorskov\"><\/a><\/td><td class=\"has-text-align-center\" data-align=\"center\"><a href=\"https:\/\/midtsjaelland.danmarksveteraner.dk\/wordpress\/wp-content\/uploads\/2019\/09\/2007-05.jpg\"><img decoding=\"async\" src=\"https:\/\/midtsjaelland.danmarksveteraner.dk\/wordpress\/wp-content\/uploads\/2019\/09\/2007-05.jpg\" alt=\"2007-05-12 Jubil\u00e6umsst\u00e6vne p\u00e5 Antvorskov\"><\/a><\/td><td class=\"has-text-align-center\" data-align=\"center\"><a href=\"https:\/\/midtsjaelland.danmarksveteraner.dk\/wordpress\/wp-content\/uploads\/2019\/09\/002.jpg\"><img decoding=\"async\" src=\"https:\/\/midtsjaelland.danmarksveteraner.dk\/wordpress\/wp-content\/uploads\/2019\/09\/002.jpg\" alt=\"2006-07-15 Faneindvielse p\u00e5 Ringsted Kaserne\"><\/a><\/td><\/tr><tr><td class=\"has-text-align-center\" data-align=\"center\">2007-05-12 Jubil\u00e6umst\u00e6vne p\u00e5 Antvorskov &#8211; Congo 45 \u00e5r &#8211; Fl. Jepsen &#8211; Martin N\u00f8rgaard &#8211; ? &#8211; Orla Christensen &#8211; Hans Alsbo<\/td><td class=\"has-text-align-center\" data-align=\"center\">2007-05-12 Jubil\u00e6umsst\u00e6vne p\u00e5 Antvorskov<\/td><td class=\"has-text-align-center\" data-align=\"center\">2006-07-15 Faneindvielse p\u00e5 Ringsted Kaserne<\/td><\/tr><tr><td class=\"has-text-align-center\" data-align=\"center\"><a href=\"https:\/\/midtsjaelland.danmarksveteraner.dk\/wordpress\/wp-content\/uploads\/2019\/09\/2007-06-15.jpg\"><img decoding=\"async\" src=\"https:\/\/midtsjaelland.danmarksveteraner.dk\/wordpress\/wp-content\/uploads\/2019\/09\/2007-06-15.jpg\" alt=\"2007-06-15 Faneindvielse p\u00e5 Ringsted Kaserne\"><\/a><\/td><td class=\"has-text-align-center\" data-align=\"center\"><a href=\"https:\/\/midtsjaelland.danmarksveteraner.dk\/wordpress\/wp-content\/uploads\/2019\/09\/2007-06-15-01.jpg\"><img decoding=\"async\" src=\"https:\/\/midtsjaelland.danmarksveteraner.dk\/wordpress\/wp-content\/uploads\/2019\/09\/2007-06-15-01.jpg\" alt=\"2007-06-15 Faneindvielse p\u00e5 Ringsted Kaserne\"><\/a><\/td><td class=\"has-text-align-center\" data-align=\"center\"><\/td><\/tr><tr><td class=\"has-text-align-center\" data-align=\"center\">2007-06-15 Faneindvielse p\u00e5 Ringsted Kaserne &#8211; Flemming Jepsen &#8211; John Dennis Pedersen<\/td><td class=\"has-text-align-center\" data-align=\"center\">2007-06-15 Faneindvielse p\u00e5 Ringsted Kaserne &#8211; HM Dronning Margrethe &#8211; HKH Prins Henrik<\/td><td class=\"has-text-align-center\" data-align=\"center\"><\/td><\/tr><\/tbody><\/table><\/figure>\n","protected":false},"excerpt":{"rendered":"<p>2007-05-12 Jubil\u00e6umst\u00e6vne p\u00e5 Antvorskov &#8211; Congo 45 \u00e5r &#8211; Fl. Jepsen &#8211; Martin N\u00f8rgaard &#8211; ? &#8211; Orla Christensen &#8211;<\/p>\n","protected":false},"author":10,"featured_media":0,"parent":797,"menu_order":43,"comment_status":"closed","ping_status":"closed","template":"","meta":{"colormag_page_container_layout":"default_layout","colormag_page_sidebar_layout":"default_layout","footnotes":""},"class_list":["post-898","page","type-page","status-publish","hentry"],"_links":{"self":[{"href":"https:\/\/midtsjaelland.danmarksveteraner.dk\/wordpress\/wp-json\/wp\/v2\/pages\/898","targetHints":{"allow":["GET"]}}],"collection":[{"href":"https:\/\/midtsjaelland.danmarksveteraner.dk\/wordpress\/wp-json\/wp\/v2\/pages"}],"about":[{"href":"https:\/\/midtsjaelland.danmarksveteraner.dk\/wordpress\/wp-json\/wp\/v2\/types\/page"}],"author":[{"embeddable":true,"href":"https:\/\/midtsjaelland.danmarksveteraner.dk\/wordpress\/wp-json\/wp\/v2\/users\/10"}],"replies":[{"embeddable":true,"href":"https:\/\/midtsjaelland.danmarksveteraner.dk\/wordpress\/wp-json\/wp\/v2\/comments?post=898"}],"version-history":[{"count":14,"href":"https:\/\/midtsjaelland.danmarksveteraner.dk\/wordpress\/wp-json\/wp\/v2\/pages\/898\/revisions"}],"predecessor-version":[{"id":1895,"href":"https:\/\/midtsjaelland.danmarksveteraner.dk\/wordpress\/wp-json\/wp\/v2\/pages\/898\/revisions\/1895"}],"up":[{"embeddable":true,"href":"https:\/\/midtsjaelland.danmarksveteraner.dk\/wordpress\/wp-json\/wp\/v2\/pages\/797"}],"wp:attachment":[{"href":"https:\/\/midtsjaelland.danmarksveteraner.dk\/wordpress\/wp-json\/wp\/v2\/media?parent=898"}],"curies":[{"name":"wp","href":"https:\/\/api.w.org\/{rel}","templated":true}]}}

<figure class="wp-block-table"><table class="has-fixed-layout"><tbody><tr><td class="has-text-align-center" data-align="center"><a href="https://midtsjaelland.danmarksveteraner.dk/wordpress/wp-content/uploads/2019/09/2007-05-12.jpg"><img decoding="async" src="https://midtsjaelland.danmarksveteraner.dk/wordpress/wp-content/uploads/2019/09/2007-05-12.jpg" alt="2007-05-12 Jubilæumstævne på Antvorskov"></a></td><td class="has-text-align-center" data-align="center"><a href="https://midtsjaelland.danmarksveteraner.dk/wordpress/wp-content/uploads/2019/09/2007-05.jpg"><img decoding="async" src="https://midtsjaelland.danmarksveteraner.dk/wordpress/wp-content/uploads/2019/09/2007-05.jpg" alt="2007-05-12 Jubilæumsstævne på Antvorskov"></a></td><td class="has-text-align-center" data-align="center"><a href="https://midtsjaelland.danmarksveteraner.dk/wordpress/wp-content/uploads/2019/09/002.jpg"><img decoding="async" src="https://midtsjaelland.danmarksveteraner.dk/wordpress/wp-content/uploads/2019/09/002.jpg" alt="2006-07-15 Faneindvielse på Ringsted Kaserne"></a></td></tr><tr><td class="has-text-align-center" data-align="center">2007-05-12 Jubilæumstævne på Antvorskov &#8211; Congo 45 år &#8211; Fl. Jepsen &#8211; Martin Nørgaard &#8211; ? &#8211; Orla Christensen &#8211; Hans Alsbo</td><td class="has-text-align-center" data-align="center">2007-05-12 Jubilæumsstævne på Antvorskov</td><td class="has-text-align-center" data-align="center">2006-07-15 Faneindvielse på Ringsted Kaserne</td></tr><tr><td class="has-text-align-center" data-align="center"><a href="https://midtsjaelland.danmarksveteraner.dk/wordpress/wp-content/uploads/2019/09/2007-06-15.jpg"><img decoding="async" src="https://midtsjaelland.danmarksveteraner.dk/wordpress/wp-content/uploads/2019/09/2007-06-15.jpg" alt="2007-06-15 Faneindvielse på Ringsted Kaserne"></a></td><td class="has-text-align-center" data-align="center"><a href="https://midtsjaelland.danmarksveteraner.dk/wordpress/wp-content/uploads/2019/09/2007-06-15-01.jpg"><img decoding="async" src="https://midtsjaelland.danmarksveteraner.dk/wordpress/wp-content/uploads/2019/09/2007-06-15-01.jpg" alt="2007-06-15 Faneindvielse på Ringsted Kaserne"></a></td><td class="has-text-align-center" data-align="center"></td></tr><tr><td class="has-text-align-center" data-align="center">2007-06-15 Faneindvielse på Ringsted Kaserne &#8211; Flemming Jepsen &#8211; John Dennis Pedersen</td><td class="has-text-align-center" data-align="center">2007-06-15 Faneindvielse på Ringsted Kaserne &#8211; HM Dronning Margrethe &#8211; HKH Prins Henrik</td><td class="has-text-align-center" data-align="center"></td></tr></tbody></table></figure>

<p>2007-05-12 Jubilæumstævne på Antvorskov &#8211; Congo 45 år &#8211; Fl. Jepsen &#8211; Martin Nørgaard &#8211; ? &#8211; Orla Christensen &#8211;</p>
