{"id":892,"date":"2019-08-26T14:26:31","date_gmt":"2019-08-26T12:26:31","guid":{"rendered":"https:\/\/midtsjaelland.danmarksveteraner.dk\/wordpress\/?page_id=892"},"modified":"2020-01-29T20:58:00","modified_gmt":"2020-01-29T19:58:00","slug":"2010-2","status":"publish","type":"page","link":"https:\/\/midtsjaelland.danmarksveteraner.dk\/wordpress\/billeder\/2010-2\/","title":{"rendered":"2010"},"content":{"rendered":"\n<figure class=\"wp-block-table\"><table class=\"has-fixed-layout\"><tbody><tr><td class=\"has-text-align-center\" data-align=\"center\"><a href=\"https:\/\/midtsjaelland.danmarksveteraner.dk\/wordpress\/wp-content\/uploads\/2019\/09\/2010-04-16.jpg\"><img decoding=\"async\" src=\"https:\/\/midtsjaelland.danmarksveteraner.dk\/wordpress\/wp-content\/uploads\/2019\/09\/2010-04-16.jpg\" alt=\"2010-04-16 HM Dronning Margrethe 70 \u00e5r\"><\/a><\/td><td class=\"has-text-align-center\" data-align=\"center\"><a href=\"https:\/\/midtsjaelland.danmarksveteraner.dk\/wordpress\/wp-content\/uploads\/2019\/09\/2010-04-16-011.jpg\"><img decoding=\"async\" src=\"https:\/\/midtsjaelland.danmarksveteraner.dk\/wordpress\/wp-content\/uploads\/2019\/09\/2010-04-16-011.jpg\" alt=\"2010-04-16 HM Dronning Margrethe 70 \u00e5r\"><\/a><\/td><td class=\"has-text-align-center\" data-align=\"center\"><a href=\"https:\/\/midtsjaelland.danmarksveteraner.dk\/wordpress\/wp-content\/uploads\/2019\/09\/2010-04-16-013.jpg\"><img decoding=\"async\" src=\"https:\/\/midtsjaelland.danmarksveteraner.dk\/wordpress\/wp-content\/uploads\/2019\/09\/2010-04-16-013.jpg\" alt=\"2010-04-16 HM Dronning Margrethe 70 \u00e5r\"><\/a><\/td><\/tr><tr><td class=\"has-text-align-center\" data-align=\"center\">2010-04-16 HM Dronning Margrethe 70 \u00e5r &#8211; Formand Bjarne Hesselberg<\/td><td class=\"has-text-align-center\" data-align=\"center\">2010-04-16 HM Dronning Margrethe 70 \u00e5r<\/td><td class=\"has-text-align-center\" data-align=\"center\">2010-04-16 HM Dronning Margrethe 70 \u00e5r<\/td><\/tr><tr><td class=\"has-text-align-center\" data-align=\"center\"><a href=\"https:\/\/midtsjaelland.danmarksveteraner.dk\/wordpress\/wp-content\/uploads\/2019\/09\/2010-09-05.jpg\"><img decoding=\"async\" src=\"https:\/\/midtsjaelland.danmarksveteraner.dk\/wordpress\/wp-content\/uploads\/2019\/09\/2010-09-05.jpg\" alt=\"2010-09-05 Halifax Mindesten afsl\u00f8ring\"><\/a><\/td><td class=\"has-text-align-center\" data-align=\"center\"><a href=\"https:\/\/midtsjaelland.danmarksveteraner.dk\/wordpress\/wp-content\/uploads\/2019\/09\/2010-09-05-h.jpg\"><img decoding=\"async\" src=\"https:\/\/midtsjaelland.danmarksveteraner.dk\/wordpress\/wp-content\/uploads\/2019\/09\/2010-09-05-h.jpg\" alt=\"2010-09-05 Halifax Mindesten afsl\u00f8ring\"><\/a><\/td><td class=\"has-text-align-center\" data-align=\"center\"><a href=\"https:\/\/midtsjaelland.danmarksveteraner.dk\/wordpress\/wp-content\/uploads\/2019\/09\/2010-09-05-h\u00f8.jpg\"><img decoding=\"async\" src=\"https:\/\/midtsjaelland.danmarksveteraner.dk\/wordpress\/wp-content\/uploads\/2019\/09\/2010-09-05-h%C3%B8.jpg\" alt=\"2010-09-05 Halifax Mindesten afsl\u00f8ring\"><\/a><\/td><\/tr><tr><td class=\"has-text-align-center\" data-align=\"center\">2010-09-05 Halifax Mindesten afsl\u00f8ring<br>i H\u00f8jerup &#8211; Stevns<\/td><td class=\"has-text-align-center\" data-align=\"center\">2010-09-05 Halifax Mindesten afsl\u00f8ring<br>Frede Hansen &#8211; Flemming Jepsen<\/td><td class=\"has-text-align-center\" data-align=\"center\">2010-09-05 Halifax Mindesten afsl\u00f8ring<\/td><\/tr><tr><td class=\"has-text-align-center\" data-align=\"center\"><a href=\"https:\/\/midtsjaelland.danmarksveteraner.dk\/wordpress\/wp-content\/uploads\/2019\/09\/2010-09-05-H\u00f8j.jpg\"><img decoding=\"async\" src=\"https:\/\/midtsjaelland.danmarksveteraner.dk\/wordpress\/wp-content\/uploads\/2019\/09\/2010-09-05-H%C3%B8j.jpg\" alt=\"2010-09-05 Halifax Mindesten afsl\u00f8ring\"><\/a><\/td><td class=\"has-text-align-center\" data-align=\"center\"><a href=\"https:\/\/midtsjaelland.danmarksveteraner.dk\/wordpress\/wp-content\/uploads\/2019\/09\/2010-09-05-H\u00f8je-768x1024.jpg\"><img decoding=\"async\" src=\"https:\/\/midtsjaelland.danmarksveteraner.dk\/wordpress\/wp-content\/uploads\/2019\/09\/2010-09-05-H%C3%B8je-768x1024.jpg\" alt=\"2010-09-05 Halifax Mindesten afsl\u00f8ring\"><\/a><\/td><td class=\"has-text-align-center\" data-align=\"center\"><a href=\"https:\/\/midtsjaelland.danmarksveteraner.dk\/wordpress\/wp-content\/uploads\/2019\/09\/2010-09-05-H\u00f8jer.jpg\"><img decoding=\"async\" src=\"https:\/\/midtsjaelland.danmarksveteraner.dk\/wordpress\/wp-content\/uploads\/2019\/09\/2010-09-05-H%C3%B8jer.jpg\" alt=\"2010-09-05 Halifax Mindesten afsl\u00f8ring\"><\/a><\/td><\/tr><tr><td class=\"has-text-align-center\" data-align=\"center\">2010-09-05 Halifax Mindesten afsl\u00f8ring<br>i H\u00f8jerup &#8211; Stevns   <\/td><td class=\"has-text-align-center\" data-align=\"center\">2010-09-05 Halifax Mindesten afsl\u00f8ring &#8211; Kaj Krog &#8211; Frede Hansen &#8211; Hans Chr Foght &#8211; Alex Kulle &#8211; Per R\u00f8n<\/td><td class=\"has-text-align-center\" data-align=\"center\">2010-09-05 Halifax Mindesten afsl\u00f8ring &#8211; Gunnar Bergstr\u00f8m &#8211; Niels Bannergaard &#8211; Fl. Jepsen &#8211; Leif Petersen &#8211; Henning Spj\u00e6t Larsen<\/td><\/tr><tr><td class=\"has-text-align-center\" data-align=\"center\"><a href=\"https:\/\/midtsjaelland.danmarksveteraner.dk\/wordpress\/wp-content\/uploads\/2019\/09\/2010-09-05-H\u00f8jeru.jpg\"><img decoding=\"async\" src=\"https:\/\/midtsjaelland.danmarksveteraner.dk\/wordpress\/wp-content\/uploads\/2019\/09\/2010-09-05-H%C3%B8jeru.jpg\" alt=\"2010-09-05 Halifax Mindesten afsl\u00f8ring\"><\/a><\/td><td class=\"has-text-align-center\" data-align=\"center\"><a href=\"https:\/\/midtsjaelland.danmarksveteraner.dk\/wordpress\/wp-content\/uploads\/2019\/09\/2010-09-05-H\u00f8jerup.jpg\"><img decoding=\"async\" src=\"https:\/\/midtsjaelland.danmarksveteraner.dk\/wordpress\/wp-content\/uploads\/2019\/09\/2010-09-05-H%C3%B8jerup.jpg\" alt=\"2010-09-05 Halifax Mindesten afsl\u00f8ring\"><\/a><\/td><td class=\"has-text-align-center\" data-align=\"center\"><\/td><\/tr><tr><td class=\"has-text-align-center\" data-align=\"center\">2010-09-05 Halifax Mindesten afsl\u00f8ring &#8211; Jenny Hansen &#8211; Rosa Foght<\/td><td class=\"has-text-align-center\" data-align=\"center\">2010-09-05 Halifax Mindesten afsl\u00f8ring &#8211; Kirsten Jepsen<\/td><td class=\"has-text-align-center\" data-align=\"center\"><\/td><\/tr><\/tbody><\/table><\/figure>\n","protected":false},"excerpt":{"rendered":"<p>2010-04-16 HM Dronning Margrethe 70 \u00e5r &#8211; Formand Bjarne Hesselberg 2010-04-16 HM Dronning Margrethe 70 \u00e5r 2010-04-16 HM Dronning Margrethe<\/p>\n","protected":false},"author":10,"featured_media":0,"parent":797,"menu_order":40,"comment_status":"closed","ping_status":"closed","template":"","meta":{"colormag_page_container_layout":"default_layout","colormag_page_sidebar_layout":"default_layout","footnotes":""},"class_list":["post-892","page","type-page","status-publish","hentry"],"_links":{"self":[{"href":"https:\/\/midtsjaelland.danmarksveteraner.dk\/wordpress\/wp-json\/wp\/v2\/pages\/892","targetHints":{"allow":["GET"]}}],"collection":[{"href":"https:\/\/midtsjaelland.danmarksveteraner.dk\/wordpress\/wp-json\/wp\/v2\/pages"}],"about":[{"href":"https:\/\/midtsjaelland.danmarksveteraner.dk\/wordpress\/wp-json\/wp\/v2\/types\/page"}],"author":[{"embeddable":true,"href":"https:\/\/midtsjaelland.danmarksveteraner.dk\/wordpress\/wp-json\/wp\/v2\/users\/10"}],"replies":[{"embeddable":true,"href":"https:\/\/midtsjaelland.danmarksveteraner.dk\/wordpress\/wp-json\/wp\/v2\/comments?post=892"}],"version-history":[{"count":30,"href":"https:\/\/midtsjaelland.danmarksveteraner.dk\/wordpress\/wp-json\/wp\/v2\/pages\/892\/revisions"}],"predecessor-version":[{"id":1881,"href":"https:\/\/midtsjaelland.danmarksveteraner.dk\/wordpress\/wp-json\/wp\/v2\/pages\/892\/revisions\/1881"}],"up":[{"embeddable":true,"href":"https:\/\/midtsjaelland.danmarksveteraner.dk\/wordpress\/wp-json\/wp\/v2\/pages\/797"}],"wp:attachment":[{"href":"https:\/\/midtsjaelland.danmarksveteraner.dk\/wordpress\/wp-json\/wp\/v2\/media?parent=892"}],"curies":[{"name":"wp","href":"https:\/\/api.w.org\/{rel}","templated":true}]}}

<figure class="wp-block-table"><table class="has-fixed-layout"><tbody><tr><td class="has-text-align-center" data-align="center"><a href="https://midtsjaelland.danmarksveteraner.dk/wordpress/wp-content/uploads/2019/09/2010-04-16.jpg"><img decoding="async" src="https://midtsjaelland.danmarksveteraner.dk/wordpress/wp-content/uploads/2019/09/2010-04-16.jpg" alt="2010-04-16 HM Dronning Margrethe 70 år"></a></td><td class="has-text-align-center" data-align="center"><a href="https://midtsjaelland.danmarksveteraner.dk/wordpress/wp-content/uploads/2019/09/2010-04-16-011.jpg"><img decoding="async" src="https://midtsjaelland.danmarksveteraner.dk/wordpress/wp-content/uploads/2019/09/2010-04-16-011.jpg" alt="2010-04-16 HM Dronning Margrethe 70 år"></a></td><td class="has-text-align-center" data-align="center"><a href="https://midtsjaelland.danmarksveteraner.dk/wordpress/wp-content/uploads/2019/09/2010-04-16-013.jpg"><img decoding="async" src="https://midtsjaelland.danmarksveteraner.dk/wordpress/wp-content/uploads/2019/09/2010-04-16-013.jpg" alt="2010-04-16 HM Dronning Margrethe 70 år"></a></td></tr><tr><td class="has-text-align-center" data-align="center">2010-04-16 HM Dronning Margrethe 70 år &#8211; Formand Bjarne Hesselberg</td><td class="has-text-align-center" data-align="center">2010-04-16 HM Dronning Margrethe 70 år</td><td class="has-text-align-center" data-align="center">2010-04-16 HM Dronning Margrethe 70 år</td></tr><tr><td class="has-text-align-center" data-align="center"><a href="https://midtsjaelland.danmarksveteraner.dk/wordpress/wp-content/uploads/2019/09/2010-09-05.jpg"><img decoding="async" src="https://midtsjaelland.danmarksveteraner.dk/wordpress/wp-content/uploads/2019/09/2010-09-05.jpg" alt="2010-09-05 Halifax Mindesten afsløring"></a></td><td class="has-text-align-center" data-align="center"><a href="https://midtsjaelland.danmarksveteraner.dk/wordpress/wp-content/uploads/2019/09/2010-09-05-h.jpg"><img decoding="async" src="https://midtsjaelland.danmarksveteraner.dk/wordpress/wp-content/uploads/2019/09/2010-09-05-h.jpg" alt="2010-09-05 Halifax Mindesten afsløring"></a></td><td class="has-text-align-center" data-align="center"><a href="https://midtsjaelland.danmarksveteraner.dk/wordpress/wp-content/uploads/2019/09/2010-09-05-hø.jpg"><img decoding="async" src="https://midtsjaelland.danmarksveteraner.dk/wordpress/wp-content/uploads/2019/09/2010-09-05-h%C3%B8.jpg" alt="2010-09-05 Halifax Mindesten afsløring"></a></td></tr><tr><td class="has-text-align-center" data-align="center">2010-09-05 Halifax Mindesten afsløring<br>i Højerup &#8211; Stevns</td><td class="has-text-align-center" data-align="center">2010-09-05 Halifax Mindesten afsløring<br>Frede Hansen &#8211; Flemming Jepsen</td><td class="has-text-align-center" data-align="center">2010-09-05 Halifax Mindesten afsløring</td></tr><tr><td class="has-text-align-center" data-align="center"><a href="https://midtsjaelland.danmarksveteraner.dk/wordpress/wp-content/uploads/2019/09/2010-09-05-Høj.jpg"><img decoding="async" src="https://midtsjaelland.danmarksveteraner.dk/wordpress/wp-content/uploads/2019/09/2010-09-05-H%C3%B8j.jpg" alt="2010-09-05 Halifax Mindesten afsløring"></a></td><td class="has-text-align-center" data-align="center"><a href="https://midtsjaelland.danmarksveteraner.dk/wordpress/wp-content/uploads/2019/09/2010-09-05-Høje-768x1024.jpg"><img decoding="async" src="https://midtsjaelland.danmarksveteraner.dk/wordpress/wp-content/uploads/2019/09/2010-09-05-H%C3%B8je-768x1024.jpg" alt="2010-09-05 Halifax Mindesten afsløring"></a></td><td class="has-text-align-center" data-align="center"><a href="https://midtsjaelland.danmarksveteraner.dk/wordpress/wp-content/uploads/2019/09/2010-09-05-Højer.jpg"><img decoding="async" src="https://midtsjaelland.danmarksveteraner.dk/wordpress/wp-content/uploads/2019/09/2010-09-05-H%C3%B8jer.jpg" alt="2010-09-05 Halifax Mindesten afsløring"></a></td></tr><tr><td class="has-text-align-center" data-align="center">2010-09-05 Halifax Mindesten afsløring<br>i Højerup &#8211; Stevns   </td><td class="has-text-align-center" data-align="center">2010-09-05 Halifax Mindesten afsløring &#8211; Kaj Krog &#8211; Frede Hansen &#8211; Hans Chr Foght &#8211; Alex Kulle &#8211; Per Røn</td><td class="has-text-align-center" data-align="center">2010-09-05 Halifax Mindesten afsløring &#8211; Gunnar Bergstrøm &#8211; Niels Bannergaard &#8211; Fl. Jepsen &#8211; Leif Petersen &#8211; Henning Spjæt Larsen</td></tr><tr><td class="has-text-align-center" data-align="center"><a href="https://midtsjaelland.danmarksveteraner.dk/wordpress/wp-content/uploads/2019/09/2010-09-05-Højeru.jpg"><img decoding="async" src="https://midtsjaelland.danmarksveteraner.dk/wordpress/wp-content/uploads/2019/09/2010-09-05-H%C3%B8jeru.jpg" alt="2010-09-05 Halifax Mindesten afsløring"></a></td><td class="has-text-align-center" data-align="center"><a href="https://midtsjaelland.danmarksveteraner.dk/wordpress/wp-content/uploads/2019/09/2010-09-05-Højerup.jpg"><img decoding="async" src="https://midtsjaelland.danmarksveteraner.dk/wordpress/wp-content/uploads/2019/09/2010-09-05-H%C3%B8jerup.jpg" alt="2010-09-05 Halifax Mindesten afsløring"></a></td><td class="has-text-align-center" data-align="center"></td></tr><tr><td class="has-text-align-center" data-align="center">2010-09-05 Halifax Mindesten afsløring &#8211; Jenny Hansen &#8211; Rosa Foght</td><td class="has-text-align-center" data-align="center">2010-09-05 Halifax Mindesten afsløring &#8211; Kirsten Jepsen</td><td class="has-text-align-center" data-align="center"></td></tr></tbody></table></figure>

<p>2010-04-16 HM Dronning Margrethe 70 år &#8211; Formand Bjarne Hesselberg 2010-04-16 HM Dronning Margrethe 70 år 2010-04-16 HM Dronning Margrethe</p>
