{"id":879,"date":"2019-08-26T14:07:06","date_gmt":"2019-08-26T12:07:06","guid":{"rendered":"https:\/\/midtsjaelland.danmarksveteraner.dk\/wordpress\/?page_id=879"},"modified":"2022-01-18T12:35:13","modified_gmt":"2022-01-18T11:35:13","slug":"2016-2","status":"publish","type":"page","link":"https:\/\/midtsjaelland.danmarksveteraner.dk\/wordpress\/billeder\/2016-2\/","title":{"rendered":"2016"},"content":{"rendered":"\n<figure class=\"wp-block-table\"><table class=\"has-fixed-layout\"><tbody><tr><td class=\"has-text-align-center\" data-align=\"center\"><a href=\"https:\/\/midtsjaelland.danmarksveteraner.dk\/wordpress\/wp-content\/uploads\/2019\/09\/2016-01-18.jpg\"><img decoding=\"async\" src=\"https:\/\/midtsjaelland.danmarksveteraner.dk\/wordpress\/wp-content\/uploads\/2019\/09\/2016-01-18.jpg\" alt=\"2016-01-18 Medaljen 1948-2009\"><\/a><\/td><td class=\"has-text-align-center\" data-align=\"center\"><a href=\"https:\/\/midtsjaelland.danmarksveteraner.dk\/wordpress\/wp-content\/uploads\/2019\/09\/2016-01-28.jpg\"><img decoding=\"async\" src=\"https:\/\/midtsjaelland.danmarksveteraner.dk\/wordpress\/wp-content\/uploads\/2019\/09\/2016-01-28.jpg\" alt=\"2016-01-28 Klubm\u00f8de\"><\/a><\/td><td class=\"has-text-align-center\" data-align=\"center\"><a href=\"https:\/\/midtsjaelland.danmarksveteraner.dk\/wordpress\/wp-content\/uploads\/2019\/09\/2016-01-31.jpg\"><img decoding=\"async\" src=\"https:\/\/midtsjaelland.danmarksveteraner.dk\/wordpress\/wp-content\/uploads\/2019\/09\/2016-01-31.jpg\" alt=\"2016-03-31 Generalforsamling\"><\/a><\/td><\/tr><tr><td class=\"has-text-align-center\" data-align=\"center\">2016-01-18 Kalbyris 1948-2009 medaljen pakkes. Flemming Lind, Slagelse &#8211; Flemming Jepsen<\/td><td class=\"has-text-align-center\" data-align=\"center\">2016-01-28 Medlemsm\u00f8de<br>Gule \u00e6rter<\/td><td class=\"has-text-align-center\" data-align=\"center\">2016-03-31 Generalforsamling<br>N. Bannergaard tildeler Jens S.S. Olsen 20 \u00e5rs n\u00e5l<\/td><\/tr><tr><td class=\"has-text-align-center\" data-align=\"center\"><a href=\"https:\/\/midtsjaelland.danmarksveteraner.dk\/wordpress\/wp-content\/uploads\/2019\/09\/2016-03-31-Fortjenstmedalje.jpg\"><img decoding=\"async\" src=\"https:\/\/midtsjaelland.danmarksveteraner.dk\/wordpress\/wp-content\/uploads\/2019\/09\/2016-03-31-Fortjenstmedalje.jpg\" alt=\"2016-03-31 Generalforsamling\"><\/a><\/td><td class=\"has-text-align-center\" data-align=\"center\"><a href=\"https:\/\/midtsjaelland.danmarksveteraner.dk\/wordpress\/wp-content\/uploads\/2019\/09\/2016-04-08.jpg\"><img decoding=\"async\" src=\"https:\/\/midtsjaelland.danmarksveteraner.dk\/wordpress\/wp-content\/uploads\/2019\/09\/2016-04-08.jpg\" alt=\"2016-04-08 DVs Repr\u00e6sentantskabsm\u00f8de\"><\/a><\/td><td class=\"has-text-align-center\" data-align=\"center\"><a href=\"https:\/\/midtsjaelland.danmarksveteraner.dk\/wordpress\/wp-content\/uploads\/2019\/09\/2016-04-18.jpg\"><img decoding=\"async\" src=\"https:\/\/midtsjaelland.danmarksveteraner.dk\/wordpress\/wp-content\/uploads\/2019\/09\/2016-04-18.jpg\" alt=\"2016-04-18 Dybb\u00f8ldagen\"><\/a><\/td><\/tr><tr><td class=\"has-text-align-center\" data-align=\"center\">2016-03-31 Generalforsamling<br>Frede Hansen &#8211; Hans Chr. Foght &#8211; Leif B.B. Petersen har modtaget DVs Fortjenstmedalje i bronze<\/td><td class=\"has-text-align-center\" data-align=\"center\">2016-04-08 DVs Repr\u00e6sentantskabsm\u00f8de i Karup<\/td><td class=\"has-text-align-center\" data-align=\"center\">2016-04-18 Dybb\u00f8ldagen<br>Flemming Jepsen &#8211; Hans Chr Foght<\/td><\/tr><tr><td class=\"has-text-align-center\" data-align=\"center\"><a href=\"https:\/\/midtsjaelland.danmarksveteraner.dk\/wordpress\/wp-content\/uploads\/2019\/09\/2016-04-18-F.jpg\"><img decoding=\"async\" src=\"https:\/\/midtsjaelland.danmarksveteraner.dk\/wordpress\/wp-content\/uploads\/2019\/09\/2016-04-18-F.jpg\" alt=\"2016-04-18 Dybb\u00f8ldagen\"><\/a><\/td><td class=\"has-text-align-center\" data-align=\"center\"><a href=\"https:\/\/midtsjaelland.danmarksveteraner.dk\/wordpress\/wp-content\/uploads\/2019\/09\/2016-05-04.jpg\"><img decoding=\"async\" src=\"https:\/\/midtsjaelland.danmarksveteraner.dk\/wordpress\/wp-content\/uploads\/2019\/09\/2016-05-04.jpg\" alt=\"2016-05-04 i K\u00f8ge\"><\/a><\/td><td class=\"has-text-align-center\" data-align=\"center\"><a href=\"https:\/\/midtsjaelland.danmarksveteraner.dk\/wordpress\/wp-content\/uploads\/2019\/09\/2016-05-29-fl.jpg\"><img decoding=\"async\" src=\"https:\/\/midtsjaelland.danmarksveteraner.dk\/wordpress\/wp-content\/uploads\/2019\/09\/2016-05-29-fl.jpg\" alt=\"2016-05-29 Peacekeepers Dag p\u00e5 Kastellet\"><\/a><\/td><\/tr><tr><td class=\"has-text-align-center\" data-align=\"center\">2016-04-18 Dybb\u00f8ldagen<br>Frede Hansen &#8211; Hans Chr. Foght<\/td><td class=\"has-text-align-center\" data-align=\"center\">2016-05-04 i K\u00f8ge<br>71 \u00e5ret for befrielsen. Anders L. Rasmussen insp. paraden. Midt i billedet, Flemming Jepsen &#8211; Hans Chr. Foght<\/td><td class=\"has-text-align-center\" data-align=\"center\">2016-05-29 Peacekeepers Dag p\u00e5 Kastellet.<br>Flemming Jepsen &#8211; Gunnar Bergstr\u00f8m &#8211; Kaj Krogh &#8211; Finn Toldal<\/td><\/tr><tr><td class=\"has-text-align-center\" data-align=\"center\"><a href=\"https:\/\/midtsjaelland.danmarksveteraner.dk\/wordpress\/wp-content\/uploads\/2019\/09\/2016-05-29-fl-1.jpg\"><img decoding=\"async\" src=\"https:\/\/midtsjaelland.danmarksveteraner.dk\/wordpress\/wp-content\/uploads\/2019\/09\/2016-05-29-fl-1.jpg\" alt=\"2016-05-29 PeaceKeepers Dag p\u00e5 Kastellet\"><\/a><\/td><td class=\"has-text-align-center\" data-align=\"center\"><a href=\"https:\/\/midtsjaelland.danmarksveteraner.dk\/wordpress\/wp-content\/uploads\/2019\/09\/2016-05-29-G.jpg\"><img decoding=\"async\" src=\"https:\/\/midtsjaelland.danmarksveteraner.dk\/wordpress\/wp-content\/uploads\/2019\/09\/2016-05-29-G.jpg\" alt=\"2016-05-29 PeaceKeepers Dag p\u00e5 Kastellet\"><\/a><\/td><td class=\"has-text-align-center\" data-align=\"center\"><a href=\"https:\/\/midtsjaelland.danmarksveteraner.dk\/wordpress\/wp-content\/uploads\/2019\/09\/2016-05-29-fl-2.jpg\"><img decoding=\"async\" src=\"https:\/\/midtsjaelland.danmarksveteraner.dk\/wordpress\/wp-content\/uploads\/2019\/09\/2016-05-29-fl-2.jpg\" alt=\"2016-05-29 PeaceKepers Dag p\u00e5 Kastellet\"><\/a><\/td><\/tr><tr><td class=\"has-text-align-center\" data-align=\"center\">2016-05-29 PeaceKeepers Dag p\u00e5 Kastellet<br>Flemming Jepsen &#8211; Hans Chr. Foght<\/td><td class=\"has-text-align-center\" data-align=\"center\">2016-05-29 PeaceKeepers Dag p\u00e5 Kastellet<br>Gunnar Bergstr\u00f8m &#8211; Henning Spj\u00e6t Larsen<\/td><td class=\"has-text-align-center\" data-align=\"center\">2016-05-29 PeaceKepers Dag p\u00e5 Kastellet<br>Flemming Jepsen &#8211; Peter Schrader<\/td><\/tr><tr><td class=\"has-text-align-center\" data-align=\"center\"><a href=\"https:\/\/midtsjaelland.danmarksveteraner.dk\/wordpress\/wp-content\/uploads\/2019\/09\/2016-05-29-n.jpg\"><img decoding=\"async\" src=\"https:\/\/midtsjaelland.danmarksveteraner.dk\/wordpress\/wp-content\/uploads\/2019\/09\/2016-05-29-n.jpg\" alt=\"2016-05-29 PeaceKeepers Dag p\u00e5 Kastellet\"><\/a><\/td><td class=\"has-text-align-center\" data-align=\"center\"><a href=\"https:\/\/midtsjaelland.danmarksveteraner.dk\/wordpress\/wp-content\/uploads\/2019\/09\/2016-05-29-Per.jpg\"><img decoding=\"async\" src=\"https:\/\/midtsjaelland.danmarksveteraner.dk\/wordpress\/wp-content\/uploads\/2019\/09\/2016-05-29-Per.jpg\" alt=\"2016-05-29 PeaceKeepers Dag p\u00e5 Kastellet\"><\/a><\/td><td class=\"has-text-align-center\" data-align=\"center\"><a href=\"https:\/\/midtsjaelland.danmarksveteraner.dk\/wordpress\/wp-content\/uploads\/2019\/09\/2016-05-29-Per-1.jpg\"><img decoding=\"async\" src=\"https:\/\/midtsjaelland.danmarksveteraner.dk\/wordpress\/wp-content\/uploads\/2019\/09\/2016-05-29-Per-1.jpg\" alt=\"2016-05-29 PeaceKeepers Dag p\u00e5 Kastellet\"><\/a><\/td><\/tr><tr><td class=\"has-text-align-center\" data-align=\"center\">2016-05-29 PeaceKeepers Dag p\u00e5 Kastellet<br>Niels Bannergaard med frue<\/td><td class=\"has-text-align-center\" data-align=\"center\">2016-05-29 PeaceKeepers Dag p\u00e5 Kastellet<br>Per R\u00f8n &#8211; fru Blyme<\/td><td class=\"has-text-align-center\" data-align=\"center\">2016-05-29 PeaceKeepers Dag p\u00e5 Kastellet<br>Per R\u00f8n<\/td><\/tr><tr><td class=\"has-text-align-center\" data-align=\"center\"><a href=\"https:\/\/midtsjaelland.danmarksveteraner.dk\/wordpress\/wp-content\/uploads\/2019\/09\/2016-06-15.jpg\"><img decoding=\"async\" src=\"https:\/\/midtsjaelland.danmarksveteraner.dk\/wordpress\/wp-content\/uploads\/2019\/09\/2016-06-15.jpg\" alt=\"2016-06-15 Valdemarsdagen i K\u00f8ge Kirke\"><\/a><\/td><td class=\"has-text-align-center\" data-align=\"center\"><a href=\"https:\/\/midtsjaelland.danmarksveteraner.dk\/wordpress\/wp-content\/uploads\/2019\/09\/2016-09-05-L.jpg\"><img decoding=\"async\" src=\"https:\/\/midtsjaelland.danmarksveteraner.dk\/wordpress\/wp-content\/uploads\/2019\/09\/2016-09-05-L.jpg\" alt=\"2016-09-05 Den Nationale Flagdag\"><\/a><\/td><td class=\"has-text-align-center\" data-align=\"center\"><a href=\"https:\/\/midtsjaelland.danmarksveteraner.dk\/wordpress\/wp-content\/uploads\/2019\/09\/2016-09-05-E.jpg\"><img decoding=\"async\" src=\"https:\/\/midtsjaelland.danmarksveteraner.dk\/wordpress\/wp-content\/uploads\/2019\/09\/2016-09-05-E.jpg\" alt=\"2016-09-05 Den Nationale Flagdag p\u00e5 Stevns\"><\/a><\/td><\/tr><tr><td class=\"has-text-align-center\" data-align=\"center\">2016-06-15 Valdemarsdagen i K\u00f8ge Kirke<\/td><td class=\"has-text-align-center\" data-align=\"center\">2016-09-05 Den Nationale Flagdag<br>Leif Petersen &#8211; Gunnar Bergstr\u00f8m &#8211; Kjeld Jensen &#8211; Hans Chr. Foght &#8211; Per R\u00f8n<\/td><td class=\"has-text-align-center\" data-align=\"center\">2016-09-05 Den Nationale Flagdag p\u00e5 Stevns<br>Sognepr\u00e6st Erik Gr\u00f8nvall Kempfner<\/td><\/tr><tr><td class=\"has-text-align-center\" data-align=\"center\"><a href=\"https:\/\/midtsjaelland.danmarksveteraner.dk\/wordpress\/wp-content\/uploads\/2019\/09\/2016-09-05-Fane.jpg\"><img decoding=\"async\" src=\"https:\/\/midtsjaelland.danmarksveteraner.dk\/wordpress\/wp-content\/uploads\/2019\/09\/2016-09-05-Fane.jpg\" alt=\"2016-09-05 Den Nationale Flagdag p\u00e5 Stevns\"><\/a><\/td><td class=\"has-text-align-center\" data-align=\"center\"><a href=\"https:\/\/midtsjaelland.danmarksveteraner.dk\/wordpress\/wp-content\/uploads\/2019\/09\/2016-10-24.jpg\"><img decoding=\"async\" src=\"https:\/\/midtsjaelland.danmarksveteraner.dk\/wordpress\/wp-content\/uploads\/2019\/09\/2016-10-24.jpg\" alt=\"2016-10-24 FN dagen p\u00e5 Kastellet\"><\/a><\/td><td class=\"has-text-align-center\" data-align=\"center\"><a href=\"https:\/\/midtsjaelland.danmarksveteraner.dk\/wordpress\/wp-content\/uploads\/2019\/09\/2016-10-24-J.jpg\"><img decoding=\"async\" src=\"https:\/\/midtsjaelland.danmarksveteraner.dk\/wordpress\/wp-content\/uploads\/2019\/09\/2016-10-24-J.jpg\" alt=\"2016-10-24 FN dagen p\u00e5 Kastellet\"><\/a><\/td><\/tr><tr><td class=\"has-text-align-center\" data-align=\"center\">2016-09-05 Den Nationale Flagdag p\u00e5 Stevns<\/td><td class=\"has-text-align-center\" data-align=\"center\">2016-10-24 FN dagen p\u00e5 Kastellet<\/td><td class=\"has-text-align-center\" data-align=\"center\">2016-10-24 FN dagen p\u00e5 Kastellet<\/td><\/tr><tr><td class=\"has-text-align-center\" data-align=\"center\"><a href=\"https:\/\/midtsjaelland.danmarksveteraner.dk\/wordpress\/wp-content\/uploads\/2019\/09\/2016-10-05-e1568044579843.jpg\"><img decoding=\"async\" src=\"https:\/\/midtsjaelland.danmarksveteraner.dk\/wordpress\/wp-content\/uploads\/2019\/09\/2016-10-05-e1568044579843.jpg\" alt=\"2016-10-27 Bjarne Hesselberg\"><\/a><\/td><td class=\"has-text-align-center\" data-align=\"center\"><a href=\"https:\/\/midtsjaelland.danmarksveteraner.dk\/wordpress\/wp-content\/uploads\/2019\/09\/2016-10-27-G.jpg\"><img decoding=\"async\" src=\"https:\/\/midtsjaelland.danmarksveteraner.dk\/wordpress\/wp-content\/uploads\/2019\/09\/2016-10-27-G.jpg\" alt=\"2016-10-27 Klubm\u00f8de i Borup\"><\/a><\/td><td class=\"has-text-align-center\" data-align=\"center\"><a href=\"https:\/\/midtsjaelland.danmarksveteraner.dk\/wordpress\/wp-content\/uploads\/2019\/09\/2016-11-24.jpg\"><img decoding=\"async\" src=\"https:\/\/midtsjaelland.danmarksveteraner.dk\/wordpress\/wp-content\/uploads\/2019\/09\/2016-11-24.jpg\" alt=\"2016-11-24 Julem\u00f8de i Midtsj\u00e6lland\"><\/a><\/td><\/tr><tr><td class=\"has-text-align-center\" data-align=\"center\">2016-10-27 Foredrag om Kroatien af tidl. Fmd. Bjarne Hesselberg<\/td><td class=\"has-text-align-center\" data-align=\"center\">2016-10-27 Klubm\u00f8de i Borup<br>Modtagere af Fredspris Medaljen &#8211; G.B. Nielsen &#8211; J.J Formsgaard &#8211; J. Larsen &#8211; J.T. Nielsen &#8211; T.S. Bruun<\/td><td class=\"has-text-align-center\" data-align=\"center\">016-11-24 Julem\u00f8de i Midtsj\u00e6lland<\/td><\/tr><tr><td class=\"has-text-align-center\" data-align=\"center\"><a href=\"https:\/\/midtsjaelland.danmarksveteraner.dk\/wordpress\/wp-content\/uploads\/2019\/09\/2016-11-24-p.jpg\"><img decoding=\"async\" src=\"https:\/\/midtsjaelland.danmarksveteraner.dk\/wordpress\/wp-content\/uploads\/2019\/09\/2016-11-24-p.jpg\" alt=\"2016-11-24 Julem\u00f8de i Midtsj\u00e6lland\"><\/a><\/td><td class=\"has-text-align-center\" data-align=\"center\"><a href=\"https:\/\/midtsjaelland.danmarksveteraner.dk\/wordpress\/wp-content\/uploads\/2019\/09\/2016-12-22.jpg\"><img decoding=\"async\" src=\"https:\/\/midtsjaelland.danmarksveteraner.dk\/wordpress\/wp-content\/uploads\/2019\/09\/2016-12-22.jpg\" alt=\"2016-12-22 Mindedag p\u00e5 Kastellet\"><\/a><\/td><td class=\"has-text-align-center\" data-align=\"center\"><\/td><\/tr><tr><td class=\"has-text-align-center\" data-align=\"center\">2016-11-24 Julem\u00f8de i Midtsj\u00e6lland<\/td><td class=\"has-text-align-center\" data-align=\"center\">2016-12-22 Mindedag p\u00e5 Kastellet<br>Generalmajor Michael Lollesgaard<br>inspicerer paraden<\/td><td class=\"has-text-align-center\" data-align=\"center\"><\/td><\/tr><tr><td class=\"has-text-align-center\" data-align=\"center\"><\/td><td class=\"has-text-align-center\" data-align=\"center\"><\/td><td class=\"has-text-align-center\" data-align=\"center\"><\/td><\/tr><tr><td class=\"has-text-align-center\" data-align=\"center\"><\/td><td class=\"has-text-align-center\" data-align=\"center\"><\/td><td class=\"has-text-align-center\" data-align=\"center\"><\/td><\/tr><\/tbody><\/table><\/figure>\n\n\n\n<p><\/p>\n","protected":false},"excerpt":{"rendered":"<p>2016-01-18 Kalbyris 1948-2009 medaljen pakkes. Flemming Lind, Slagelse &#8211; Flemming Jepsen 2016-01-28 Medlemsm\u00f8deGule \u00e6rter 2016-03-31 GeneralforsamlingN. Bannergaard tildeler Jens S.S.<\/p>\n","protected":false},"author":10,"featured_media":0,"parent":797,"menu_order":33,"comment_status":"closed","ping_status":"closed","template":"","meta":{"colormag_page_container_layout":"default_layout","colormag_page_sidebar_layout":"default_layout","footnotes":""},"class_list":["post-879","page","type-page","status-publish","hentry"],"_links":{"self":[{"href":"https:\/\/midtsjaelland.danmarksveteraner.dk\/wordpress\/wp-json\/wp\/v2\/pages\/879","targetHints":{"allow":["GET"]}}],"collection":[{"href":"https:\/\/midtsjaelland.danmarksveteraner.dk\/wordpress\/wp-json\/wp\/v2\/pages"}],"about":[{"href":"https:\/\/midtsjaelland.danmarksveteraner.dk\/wordpress\/wp-json\/wp\/v2\/types\/page"}],"author":[{"embeddable":true,"href":"https:\/\/midtsjaelland.danmarksveteraner.dk\/wordpress\/wp-json\/wp\/v2\/users\/10"}],"replies":[{"embeddable":true,"href":"https:\/\/midtsjaelland.danmarksveteraner.dk\/wordpress\/wp-json\/wp\/v2\/comments?post=879"}],"version-history":[{"count":71,"href":"https:\/\/midtsjaelland.danmarksveteraner.dk\/wordpress\/wp-json\/wp\/v2\/pages\/879\/revisions"}],"predecessor-version":[{"id":1976,"href":"https:\/\/midtsjaelland.danmarksveteraner.dk\/wordpress\/wp-json\/wp\/v2\/pages\/879\/revisions\/1976"}],"up":[{"embeddable":true,"href":"https:\/\/midtsjaelland.danmarksveteraner.dk\/wordpress\/wp-json\/wp\/v2\/pages\/797"}],"wp:attachment":[{"href":"https:\/\/midtsjaelland.danmarksveteraner.dk\/wordpress\/wp-json\/wp\/v2\/media?parent=879"}],"curies":[{"name":"wp","href":"https:\/\/api.w.org\/{rel}","templated":true}]}}