{"id":181,"date":"2016-06-07T14:51:57","date_gmt":"2016-06-07T12:51:57","guid":{"rendered":"http:\/\/midtsjaelland.danmarksveteraner.dk\/wordpress\/?page_id=181"},"modified":"2018-09-26T09:05:26","modified_gmt":"2018-09-26T07:05:26","slug":"links","status":"publish","type":"page","link":"https:\/\/midtsjaelland.danmarksveteraner.dk\/wordpress\/links\/","title":{"rendered":"Links"},"content":{"rendered":"<p>P\u00e5 dette <a href=\"https:\/\/danmarksveteraner.dk\/wordpress\/?page_id=570\" target=\"_blank\" rel=\"noopener\"><strong>LINK<\/strong><\/a> kan du se landsforeningens liste over links til samarbejdspartnere, andre akt\u00f8rer p\u00e5 veteranfronten m.fl.<\/p>\n<p>P\u00e5 listen herunder er der\/vil der komme links til samarbejdspartnere og andre akt\u00f8rer p\u00e5 veteranfronten fra lokalforeningens omr\u00e5de.<\/p>\n\n<table id=\"tablepress-2\" class=\"tablepress tablepress-id-2\">\n<thead>\n<tr class=\"row-1\">\n\t<th class=\"column-1\">Navn p\u00e5 organisation<\/th><td class=\"column-2\"><\/td>\n<\/tr>\n<\/thead>\n<tbody class=\"row-striping row-hover\">\n<tr class=\"row-2\">\n\t<td class=\"column-1\"><a href=\"http:\/\/veteran.forsvaret.dk\/Pages\/forside.aspx\" target=\"_blank\">Forsvarets Veterancenter<\/a><\/td><td class=\"column-2\">Forsvarets Veterancenter<\/td>\n<\/tr>\n<tr class=\"row-3\">\n\t<td class=\"column-1\"><a href=\"http:\/\/www.veteranst\u00f8tten.dk\" target=\"_blank\">Veteranst\u00f8tten<\/a><\/td><td class=\"column-2\">Veteranst\u00f8tten<\/td>\n<\/tr>\n<\/tbody>\n<\/table>\n\n","protected":false},"excerpt":{"rendered":"<p>P\u00e5 dette LINK kan du se landsforeningens liste over links til samarbejdspartnere, andre akt\u00f8rer p\u00e5 veteranfronten m.fl. P\u00e5 listen herunder<\/p>\n","protected":false},"author":1,"featured_media":0,"parent":0,"menu_order":4,"comment_status":"closed","ping_status":"closed","template":"","meta":{"colormag_page_container_layout":"default_layout","colormag_page_sidebar_layout":"default_layout","footnotes":""},"class_list":["post-181","page","type-page","status-publish","hentry"],"_links":{"self":[{"href":"https:\/\/midtsjaelland.danmarksveteraner.dk\/wordpress\/wp-json\/wp\/v2\/pages\/181","targetHints":{"allow":["GET"]}}],"collection":[{"href":"https:\/\/midtsjaelland.danmarksveteraner.dk\/wordpress\/wp-json\/wp\/v2\/pages"}],"about":[{"href":"https:\/\/midtsjaelland.danmarksveteraner.dk\/wordpress\/wp-json\/wp\/v2\/types\/page"}],"author":[{"embeddable":true,"href":"https:\/\/midtsjaelland.danmarksveteraner.dk\/wordpress\/wp-json\/wp\/v2\/users\/1"}],"replies":[{"embeddable":true,"href":"https:\/\/midtsjaelland.danmarksveteraner.dk\/wordpress\/wp-json\/wp\/v2\/comments?post=181"}],"version-history":[{"count":5,"href":"https:\/\/midtsjaelland.danmarksveteraner.dk\/wordpress\/wp-json\/wp\/v2\/pages\/181\/revisions"}],"predecessor-version":[{"id":488,"href":"https:\/\/midtsjaelland.danmarksveteraner.dk\/wordpress\/wp-json\/wp\/v2\/pages\/181\/revisions\/488"}],"wp:attachment":[{"href":"https:\/\/midtsjaelland.danmarksveteraner.dk\/wordpress\/wp-json\/wp\/v2\/media?parent=181"}],"curies":[{"name":"wp","href":"https:\/\/api.w.org\/{rel}","templated":true}]}}